{"id":2029,"date":"2026-03-31T14:54:44","date_gmt":"2026-03-31T14:54:44","guid":{"rendered":"https:\/\/dev.sahkoherkat.fi\/?page_id=2029"},"modified":"2026-04-13T09:45:58","modified_gmt":"2026-04-13T09:45:58","slug":"liity-jaseneksi","status":"publish","type":"page","link":"https:\/\/dev.sahkoherkat.fi\/?page_id=2029","title":{"rendered":"Liity j\u00e4seneksi"},"content":{"rendered":"\t\t<div data-elementor-type=\"wp-page\" data-elementor-id=\"2029\" class=\"elementor elementor-2029\" data-elementor-post-type=\"page\">\n\t\t\t\t<div class=\"elementor-element elementor-element-1dee689 e-con-full e-flex e-con e-parent\" data-id=\"1dee689\" data-element_type=\"container\" data-e-type=\"container\">\n\t\t\t\t<div class=\"elementor-element elementor-element-a3d7fd5 elementor-widget elementor-widget-shortcode\" data-id=\"a3d7fd5\" data-element_type=\"widget\" data-e-type=\"widget\" data-widget_type=\"shortcode.default\">\n\t\t\t\t\t\t\t<div class=\"elementor-shortcode\"><span><span><a href=\"https:\/\/dev.sahkoherkat.fi\/\">Etusivu<\/a><\/span><\/span>\n<\/div>\n\t\t\t\t\t\t<\/div>\n\t\t\t\t<div class=\"elementor-element elementor-element-929eeff elementor-widget elementor-widget-heading\" data-id=\"929eeff\" data-element_type=\"widget\" data-e-type=\"widget\" data-widget_type=\"heading.default\">\n\t\t\t\t\t<h1 class=\"elementor-heading-title elementor-size-default\">Liity j\u00e4seneksi<\/h1>\t\t\t\t<\/div>\n\t\t\t\t<\/div>\n\t\t<div class=\"elementor-element elementor-element-a0ab17a e-flex e-con-boxed e-con e-parent\" data-id=\"a0ab17a\" data-element_type=\"container\" data-e-type=\"container\" data-settings=\"{&quot;background_background&quot;:&quot;classic&quot;}\">\n\t\t\t\t\t<div class=\"e-con-inner\">\n\t\t\t\t<div class=\"elementor-element elementor-element-d2d8117 elementor-widget elementor-widget-text-editor\" data-id=\"d2d8117\" data-element_type=\"widget\" data-e-type=\"widget\" data-widget_type=\"text-editor.default\">\n\t\t\t\t\t\t\t\t\t<p>J\u00e4senen\u00e4 saat<\/p>\n<ul>\n<li>yhdistyksen lehden (t\u00e4ll\u00e4 hetkell\u00e4 kaksi numeroa vuodessa)<\/li>\n<li>listan muiden j\u00e4senten yhteystiedoista<\/li>\n<li>teknist\u00e4 tukea k\u00e4yt\u00e4nn\u00f6n ongelmissa<\/li>\n<li>tietoa tuki- ja keskusteluryhmist\u00e4 alueilla ja internetiss\u00e4<\/li>\n<li>mahdollisuuden vaikuttaa<\/li>\n<\/ul>\n<p>\u00a0<\/p>\n<p>Voit liitty\u00e4 j\u00e4seneksi t\u00e4ytt\u00e4m\u00e4ll\u00e4 alla olevan lomakkeen ja maksamalla j\u00e4senmaksun pankkisiirtona. Saat ohjeet s\u00e4hk\u00f6postitse. J\u00e4senyyteen tarvitaan my\u00f6s yhdistyksen hallituksen muodollinen hyv\u00e4ksynt\u00e4.<\/p>\n<p>J\u00e4senmaksun suuruus on\u00a0<strong>29\u2013100 \u20ac<\/strong>\u00a0\u2013 saat itse valita.<\/p>\n<p>J\u00e4senmaksun voi maksaa yhdistyksen tilille<br \/><strong>FI56 1012 3000 2106 31<\/strong><br \/>(NDEAFIHH).<\/p>\n<p>Liittym\u00e4ll\u00e4 kannatusj\u00e4seneksi voit tukea yhdistyksemme ty\u00f6t\u00e4, vaikket olisi itse s\u00e4hk\u00f6herkk\u00e4.<\/p>\t\t\t\t\t\t\t\t<\/div>\n\t\t\t\t<div class=\"elementor-element elementor-element-cd46d0b elementor-widget elementor-widget-heading\" data-id=\"cd46d0b\" data-element_type=\"widget\" data-e-type=\"widget\" data-widget_type=\"heading.default\">\n\t\t\t\t\t<h2 class=\"elementor-heading-title elementor-size-default\">Haluan liitty\u00e4 j\u00e4seneksi<\/h2>\t\t\t\t<\/div>\n\t\t\t\t<div class=\"elementor-element elementor-element-af2ebc8 elementor-button-align-stretch elementor-widget elementor-widget-form\" data-id=\"af2ebc8\" data-element_type=\"widget\" data-e-type=\"widget\" data-settings=\"{&quot;step_next_label&quot;:&quot;Next&quot;,&quot;step_previous_label&quot;:&quot;Previous&quot;,&quot;button_width&quot;:&quot;100&quot;,&quot;step_type&quot;:&quot;number_text&quot;,&quot;step_icon_shape&quot;:&quot;circle&quot;}\" data-widget_type=\"form.default\">\n\t\t\t\t\t\t\t<form class=\"elementor-form\" method=\"post\" name=\"New Form\" aria-label=\"New Form\">\n\t\t\t<input type=\"hidden\" name=\"post_id\" value=\"2029\"\/>\n\t\t\t<input type=\"hidden\" name=\"form_id\" value=\"af2ebc8\"\/>\n\t\t\t<input type=\"hidden\" name=\"referer_title\" value=\"Liity j\u00e4seneksi - S\u00e4hk\u00f6herk\u00e4t ry\" \/>\n\n\t\t\t\t\t\t\t<input type=\"hidden\" name=\"queried_id\" value=\"2029\"\/>\n\t\t\t\n\t\t\t<div class=\"elementor-form-fields-wrapper elementor-labels-above\">\n\t\t\t\t\t\t\t\t<div class=\"elementor-field-type-text elementor-field-group elementor-column elementor-field-group-name elementor-col-100 elementor-field-required\">\n\t\t\t\t\t\t\t\t\t\t\t\t<label for=\"form-field-name\" class=\"elementor-field-label\">\n\t\t\t\t\t\t\t\tEtunimi*\t\t\t\t\t\t\t<\/label>\n\t\t\t\t\t\t\t\t\t\t\t\t\t\t<input size=\"1\" type=\"text\" name=\"form_fields[name]\" id=\"form-field-name\" class=\"elementor-field elementor-size-sm  elementor-field-textual\" placeholder=\"Etunimi\" required=\"required\">\n\t\t\t\t\t\t\t\t\t\t\t<\/div>\n\t\t\t\t\t\t\t\t<div class=\"elementor-field-type-text elementor-field-group elementor-column elementor-field-group-field_f4c4d70 elementor-col-100 elementor-field-required\">\n\t\t\t\t\t\t\t\t\t\t\t\t<label for=\"form-field-field_f4c4d70\" class=\"elementor-field-label\">\n\t\t\t\t\t\t\t\tSukunimi*\t\t\t\t\t\t\t<\/label>\n\t\t\t\t\t\t\t\t\t\t\t\t\t\t<input size=\"1\" type=\"text\" name=\"form_fields[field_f4c4d70]\" id=\"form-field-field_f4c4d70\" class=\"elementor-field elementor-size-sm  elementor-field-textual\" placeholder=\"Sukunimi\" required=\"required\">\n\t\t\t\t\t\t\t\t\t\t\t<\/div>\n\t\t\t\t\t\t\t\t<div class=\"elementor-field-type-text elementor-field-group elementor-column elementor-field-group-field_3944112 elementor-col-100 elementor-field-required\">\n\t\t\t\t\t\t\t\t\t\t\t\t<label for=\"form-field-field_3944112\" class=\"elementor-field-label\">\n\t\t\t\t\t\t\t\tL\u00e4hiosoite*\t\t\t\t\t\t\t<\/label>\n\t\t\t\t\t\t\t\t\t\t\t\t\t\t<input size=\"1\" type=\"text\" name=\"form_fields[field_3944112]\" id=\"form-field-field_3944112\" class=\"elementor-field elementor-size-sm  elementor-field-textual\" placeholder=\"L\u00e4hiosoite\" required=\"required\">\n\t\t\t\t\t\t\t\t\t\t\t<\/div>\n\t\t\t\t\t\t\t\t<div class=\"elementor-field-type-number elementor-field-group elementor-column elementor-field-group-field_3322d88 elementor-col-100 elementor-field-required\">\n\t\t\t\t\t\t\t\t\t\t\t\t<label for=\"form-field-field_3322d88\" class=\"elementor-field-label\">\n\t\t\t\t\t\t\t\tPostinumero*\t\t\t\t\t\t\t<\/label>\n\t\t\t\t\t\t\t\t\t<input type=\"number\" name=\"form_fields[field_3322d88]\" id=\"form-field-field_3322d88\" class=\"elementor-field elementor-size-sm  elementor-field-textual\" placeholder=\"Postinumero\" required=\"required\" min=\"\" max=\"\" >\n\t\t\t\t\t\t<\/div>\n\t\t\t\t\t\t\t\t<div class=\"elementor-field-type-text elementor-field-group elementor-column elementor-field-group-field_2543297 elementor-col-100 elementor-field-required\">\n\t\t\t\t\t\t\t\t\t\t\t\t<label for=\"form-field-field_2543297\" class=\"elementor-field-label\">\n\t\t\t\t\t\t\t\tPostitoimipaikka*\t\t\t\t\t\t\t<\/label>\n\t\t\t\t\t\t\t\t\t\t\t\t\t\t<input size=\"1\" type=\"text\" name=\"form_fields[field_2543297]\" id=\"form-field-field_2543297\" class=\"elementor-field elementor-size-sm  elementor-field-textual\" placeholder=\"Postitoimipaikka\" required=\"required\">\n\t\t\t\t\t\t\t\t\t\t\t<\/div>\n\t\t\t\t\t\t\t\t<div class=\"elementor-field-type-text elementor-field-group elementor-column elementor-field-group-field_9574111 elementor-col-100 elementor-field-required\">\n\t\t\t\t\t\t\t\t\t\t\t\t<label for=\"form-field-field_9574111\" class=\"elementor-field-label\">\n\t\t\t\t\t\t\t\tMaa*\t\t\t\t\t\t\t<\/label>\n\t\t\t\t\t\t\t\t\t\t\t\t\t\t<input size=\"1\" type=\"text\" name=\"form_fields[field_9574111]\" id=\"form-field-field_9574111\" class=\"elementor-field elementor-size-sm  elementor-field-textual\" placeholder=\"Maa\" required=\"required\">\n\t\t\t\t\t\t\t\t\t\t\t<\/div>\n\t\t\t\t\t\t\t\t<div class=\"elementor-field-type-email elementor-field-group elementor-column elementor-field-group-email elementor-col-100 elementor-field-required\">\n\t\t\t\t\t\t\t\t\t\t\t\t<label for=\"form-field-email\" class=\"elementor-field-label\">\n\t\t\t\t\t\t\t\tEmail (jos sinulla ei ole s\u00e4hk\u00f6postiosoitetta, ilmoita ajantasaiset tietosi yhteydenottolomakkeella)\t\t\t\t\t\t\t<\/label>\n\t\t\t\t\t\t\t\t\t\t\t\t\t\t<input size=\"1\" type=\"email\" name=\"form_fields[email]\" id=\"form-field-email\" class=\"elementor-field elementor-size-sm  elementor-field-textual\" placeholder=\"Email \" required=\"required\">\n\t\t\t\t\t\t\t\t\t\t\t<\/div>\n\t\t\t\t\t\t\t\t<div class=\"elementor-field-type-radio elementor-field-group elementor-column elementor-field-group-field_7dfb815 elementor-col-100\">\n\t\t\t\t\t<div class=\"elementor-field-subgroup  \"><span class=\"elementor-field-option\"><input type=\"radio\" value=\"Minulle saa l\u00e4hett\u00e4\u00e4 s\u00e4hk\u00f6isi\u00e4 uutiskirjeit\u00e4\" id=\"form-field-field_7dfb815-0\" name=\"form_fields[field_7dfb815]\"> <label for=\"form-field-field_7dfb815-0\">Minulle saa l\u00e4hett\u00e4\u00e4 s\u00e4hk\u00f6isi\u00e4 uutiskirjeit\u00e4<\/label><\/span><span class=\"elementor-field-option\"><input type=\"radio\" value=\"Minulle riitt\u00e4\u00e4 j\u00e4senlehden digitaalinen versio. Lehden ilmestymisest\u00e4 ilmoitetaan s\u00e4hk\u00f6isess\u00e4 uutiskirjeess\u00e4\" id=\"form-field-field_7dfb815-1\" name=\"form_fields[field_7dfb815]\"> <label for=\"form-field-field_7dfb815-1\">Minulle riitt\u00e4\u00e4 j\u00e4senlehden digitaalinen versio. Lehden ilmestymisest\u00e4 ilmoitetaan s\u00e4hk\u00f6isess\u00e4 uutiskirjeess\u00e4<\/label><\/span><\/div>\t\t\t\t<\/div>\n\t\t\t\t\t\t\t\t<div class=\"elementor-field-type-number elementor-field-group elementor-column elementor-field-group-field_a3752d8 elementor-col-100\">\n\t\t\t\t\t\t\t\t\t\t\t\t<label for=\"form-field-field_a3752d8\" class=\"elementor-field-label\">\n\t\t\t\t\t\t\t\tPuhelinnumero\t\t\t\t\t\t\t<\/label>\n\t\t\t\t\t\t\t\t\t<input type=\"number\" name=\"form_fields[field_a3752d8]\" id=\"form-field-field_a3752d8\" class=\"elementor-field elementor-size-sm  elementor-field-textual\" placeholder=\"Puhelinnumero\" min=\"\" max=\"\" >\n\t\t\t\t\t\t<\/div>\n\t\t\t\t\t\t\t\t<div class=\"elementor-field-type-text elementor-field-group elementor-column elementor-field-group-field_062fbbd elementor-col-100\">\n\t\t\t\t\t\t\t\t\t\t\t\t<label for=\"form-field-field_062fbbd\" class=\"elementor-field-label\">\n\t\t\t\t\t\t\t\tKampanjakoodi\t\t\t\t\t\t\t<\/label>\n\t\t\t\t\t\t\t\t\t\t\t\t\t\t<input size=\"1\" type=\"text\" name=\"form_fields[field_062fbbd]\" id=\"form-field-field_062fbbd\" class=\"elementor-field elementor-size-sm  elementor-field-textual\" placeholder=\"Lis\u00e4\u00e4 mahdollinen kampanjakoodi t\u00e4h\u00e4n\">\n\t\t\t\t\t\t\t\t\t\t\t<\/div>\n\t\t\t\t\t\t\t\t<div class=\"elementor-field-type-number elementor-field-group elementor-column elementor-field-group-field_7ae3799 elementor-col-100\">\n\t\t\t\t\t\t\t\t\t\t\t\t<label for=\"form-field-field_7ae3799\" class=\"elementor-field-label\">\n\t\t\t\t\t\t\t\tSyntym\u00e4vuosi*\t\t\t\t\t\t\t<\/label>\n\t\t\t\t\t\t\t\t\t<input type=\"number\" name=\"form_fields[field_7ae3799]\" id=\"form-field-field_7ae3799\" class=\"elementor-field elementor-size-sm  elementor-field-textual\" placeholder=\"Syntym\u00e4vuosi\" min=\"\" max=\"\" >\n\t\t\t\t\t\t<\/div>\n\t\t\t\t\t\t\t\t<div class=\"elementor-field-type-checkbox elementor-field-group elementor-column elementor-field-group-field_ce0ce8a elementor-col-100\">\n\t\t\t\t\t<div class=\"elementor-field-subgroup  \"><span class=\"elementor-field-option\"><input type=\"checkbox\" value=\"Haluan j\u00e4senpostin kirjekuoressa, jossa ei n\u00e4y l\u00e4hett\u00e4j\u00e4n nimi\" id=\"form-field-field_ce0ce8a-0\" name=\"form_fields[field_ce0ce8a]\"> <label for=\"form-field-field_ce0ce8a-0\">Haluan j\u00e4senpostin kirjekuoressa, jossa ei n\u00e4y l\u00e4hett\u00e4j\u00e4n nimi<\/label><\/span><\/div>\t\t\t\t<\/div>\n\t\t\t\t\t\t\t\t<div class=\"elementor-field-type-radio elementor-field-group elementor-column elementor-field-group-field_cf82670 elementor-col-100\">\n\t\t\t\t\t<div class=\"elementor-field-subgroup  \"><span class=\"elementor-field-option\"><input type=\"radio\" value=\"Nimeni ja yhteystietoni saa ilmoittaa muille j\u00e4senille ja lis\u00e4t\u00e4 j\u00e4senille postitettavaan j\u00e4senluetteloon\" id=\"form-field-field_cf82670-0\" name=\"form_fields[field_cf82670]\"> <label for=\"form-field-field_cf82670-0\">Nimeni ja yhteystietoni saa ilmoittaa muille j\u00e4senille ja lis\u00e4t\u00e4 j\u00e4senille postitettavaan j\u00e4senluetteloon<\/label><\/span><span class=\"elementor-field-option\"><input type=\"radio\" value=\"nimeni ja yhteystietoni saa ilmoittaa muille j\u00e4senille, mutta ei lis\u00e4t\u00e4 j\u00e4senille postitettavaan j\u00e4senluetteloon\" id=\"form-field-field_cf82670-1\" name=\"form_fields[field_cf82670]\"> <label for=\"form-field-field_cf82670-1\">nimeni ja yhteystietoni saa ilmoittaa muille j\u00e4senille, mutta ei lis\u00e4t\u00e4 j\u00e4senille postitettavaan j\u00e4senluetteloon<\/label><\/span><span class=\"elementor-field-option\"><input type=\"radio\" value=\"tietojani ei saa ilmoittaa muille j\u00e4senille\" id=\"form-field-field_cf82670-2\" name=\"form_fields[field_cf82670]\"> <label for=\"form-field-field_cf82670-2\">tietojani ei saa ilmoittaa muille j\u00e4senille<\/label><\/span><\/div>\t\t\t\t<\/div>\n\t\t\t\t\t\t\t\t<div class=\"elementor-field-type-textarea elementor-field-group elementor-column elementor-field-group-message elementor-col-100 elementor-field-required\">\n\t\t\t\t\t\t\t\t\t\t\t\t<label for=\"form-field-message\" class=\"elementor-field-label\">\n\t\t\t\t\t\t\t\tMist\u00e4 kuulit yhdistyksest\u00e4\t\t\t\t\t\t\t<\/label>\n\t\t\t\t\t\t<textarea class=\"elementor-field-textual elementor-field  elementor-size-sm\" name=\"form_fields[message]\" id=\"form-field-message\" rows=\"4\" placeholder=\"Mist\u00e4 kuulit yhdistyksest\u00e4\" required=\"required\"><\/textarea>\t\t\t\t<\/div>\n\t\t\t\t\t\t\t\t<div class=\"elementor-field-type-textarea elementor-field-group elementor-column elementor-field-group-field_52a7eff elementor-col-100 elementor-field-required\">\n\t\t\t\t\t\t\t\t\t\t\t\t<label for=\"form-field-field_52a7eff\" class=\"elementor-field-label\">\n\t\t\t\t\t\t\t\tLis\u00e4tietoja\t\t\t\t\t\t\t<\/label>\n\t\t\t\t\t\t<textarea class=\"elementor-field-textual elementor-field  elementor-size-sm\" name=\"form_fields[field_52a7eff]\" id=\"form-field-field_52a7eff\" rows=\"4\" placeholder=\"Lis\u00e4tietoja\" required=\"required\"><\/textarea>\t\t\t\t<\/div>\n\t\t\t\t\t\t\t\t<div class=\"elementor-field-group elementor-column elementor-field-type-submit elementor-col-100 e-form__buttons\">\n\t\t\t\t\t<button class=\"elementor-button elementor-size-sm\" type=\"submit\">\n\t\t\t\t\t\t<span class=\"elementor-button-content-wrapper\">\n\t\t\t\t\t\t\t\t\t\t\t\t\t\t\t\t\t\t\t\t\t\t<span class=\"elementor-button-text\">L\u00e4het\u00e4<\/span>\n\t\t\t\t\t\t\t\t\t\t\t\t\t<\/span>\n\t\t\t\t\t<\/button>\n\t\t\t\t<\/div>\n\t\t\t<\/div>\n\t\t<\/form>\n\t\t\t\t\t\t<\/div>\n\t\t\t\t\t<\/div>\n\t\t\t\t<\/div>\n\t\t\t\t<\/div>\n\t\t","protected":false},"excerpt":{"rendered":"<p>Liity j\u00e4seneksi J\u00e4senen\u00e4 saat yhdistyksen lehden (t\u00e4ll\u00e4 hetkell\u00e4 kaksi numeroa vuodessa) listan muiden j\u00e4senten yhteystiedoista teknist\u00e4 tukea k\u00e4yt\u00e4nn\u00f6n ongelmissa tietoa tuki- ja keskusteluryhmist\u00e4 alueilla ja internetiss\u00e4 mahdollisuuden vaikuttaa \u00a0 Voit liitty\u00e4 j\u00e4seneksi t\u00e4ytt\u00e4m\u00e4ll\u00e4 alla olevan lomakkeen ja maksamalla j\u00e4senmaksun pankkisiirtona. Saat ohjeet s\u00e4hk\u00f6postitse. J\u00e4senyyteen tarvitaan my\u00f6s yhdistyksen hallituksen muodollinen hyv\u00e4ksynt\u00e4. J\u00e4senmaksun suuruus on\u00a029\u2013100 \u20ac\u00a0\u2013 saat [&hellip;]<\/p>\n","protected":false},"author":1,"featured_media":2034,"parent":2017,"menu_order":19,"comment_status":"closed","ping_status":"closed","template":"elementor_theme","meta":{"footnotes":""},"class_list":["post-2029","page","type-page","status-publish","has-post-thumbnail","hentry"],"yoast_head":"<!-- This site is optimized with the Yoast SEO plugin v27.2 - https:\/\/yoast.com\/product\/yoast-seo-wordpress\/ -->\n<title>Liity j\u00e4seneksi - S\u00e4hk\u00f6herk\u00e4t ry<\/title>\n<meta name=\"robots\" content=\"index, follow, max-snippet:-1, max-image-preview:large, max-video-preview:-1\" \/>\n<link rel=\"canonical\" href=\"https:\/\/dev.sahkoherkat.fi\/?page_id=2029\" \/>\n<meta property=\"og:locale\" content=\"fi_FI\" \/>\n<meta property=\"og:type\" content=\"article\" \/>\n<meta property=\"og:title\" content=\"Liity j\u00e4seneksi - S\u00e4hk\u00f6herk\u00e4t ry\" \/>\n<meta property=\"og:description\" content=\"Liity j\u00e4seneksi J\u00e4senen\u00e4 saat yhdistyksen lehden (t\u00e4ll\u00e4 hetkell\u00e4 kaksi numeroa vuodessa) listan muiden j\u00e4senten yhteystiedoista teknist\u00e4 tukea k\u00e4yt\u00e4nn\u00f6n ongelmissa tietoa tuki- ja keskusteluryhmist\u00e4 alueilla ja internetiss\u00e4 mahdollisuuden vaikuttaa \u00a0 Voit liitty\u00e4 j\u00e4seneksi t\u00e4ytt\u00e4m\u00e4ll\u00e4 alla olevan lomakkeen ja maksamalla j\u00e4senmaksun pankkisiirtona. Saat ohjeet s\u00e4hk\u00f6postitse. J\u00e4senyyteen tarvitaan my\u00f6s yhdistyksen hallituksen muodollinen hyv\u00e4ksynt\u00e4. J\u00e4senmaksun suuruus on\u00a029\u2013100 \u20ac\u00a0\u2013 saat [&hellip;]\" \/>\n<meta property=\"og:url\" content=\"https:\/\/dev.sahkoherkat.fi\/?page_id=2029\" \/>\n<meta property=\"og:site_name\" content=\"S\u00e4hk\u00f6herk\u00e4t ry\" \/>\n<meta property=\"article:modified_time\" content=\"2026-04-13T09:45:58+00:00\" \/>\n<meta property=\"og:image\" content=\"https:\/\/dev.sahkoherkat.fi\/wp-content\/uploads\/2026\/03\/natalie-pedigo-wJK9eTiEZHY-unsplash-scaled.jpg\" \/>\n\t<meta property=\"og:image:width\" content=\"2560\" \/>\n\t<meta property=\"og:image:height\" content=\"1706\" \/>\n\t<meta property=\"og:image:type\" content=\"image\/jpeg\" \/>\n<meta name=\"twitter:card\" content=\"summary_large_image\" \/>\n<meta name=\"twitter:label1\" content=\"Arvioitu lukuaika\" \/>\n\t<meta name=\"twitter:data1\" content=\"1 minuutti\" \/>\n<script type=\"application\/ld+json\" class=\"yoast-schema-graph\">{\"@context\":\"https:\/\/schema.org\",\"@graph\":[{\"@type\":\"WebPage\",\"@id\":\"https:\/\/dev.sahkoherkat.fi\/?page_id=2029\",\"url\":\"https:\/\/dev.sahkoherkat.fi\/?page_id=2029\",\"name\":\"Liity j\u00e4seneksi - S\u00e4hk\u00f6herk\u00e4t ry\",\"isPartOf\":{\"@id\":\"https:\/\/dev.sahkoherkat.fi\/#website\"},\"primaryImageOfPage\":{\"@id\":\"https:\/\/dev.sahkoherkat.fi\/?page_id=2029#primaryimage\"},\"image\":{\"@id\":\"https:\/\/dev.sahkoherkat.fi\/?page_id=2029#primaryimage\"},\"thumbnailUrl\":\"https:\/\/dev.sahkoherkat.fi\/wp-content\/uploads\/2026\/03\/natalie-pedigo-wJK9eTiEZHY-unsplash-scaled.jpg\",\"datePublished\":\"2026-03-31T14:54:44+00:00\",\"dateModified\":\"2026-04-13T09:45:58+00:00\",\"breadcrumb\":{\"@id\":\"https:\/\/dev.sahkoherkat.fi\/?page_id=2029#breadcrumb\"},\"inLanguage\":\"fi\",\"potentialAction\":[{\"@type\":\"ReadAction\",\"target\":[\"https:\/\/dev.sahkoherkat.fi\/?page_id=2029\"]}]},{\"@type\":\"ImageObject\",\"inLanguage\":\"fi\",\"@id\":\"https:\/\/dev.sahkoherkat.fi\/?page_id=2029#primaryimage\",\"url\":\"https:\/\/dev.sahkoherkat.fi\/wp-content\/uploads\/2026\/03\/natalie-pedigo-wJK9eTiEZHY-unsplash-scaled.jpg\",\"contentUrl\":\"https:\/\/dev.sahkoherkat.fi\/wp-content\/uploads\/2026\/03\/natalie-pedigo-wJK9eTiEZHY-unsplash-scaled.jpg\",\"width\":2560,\"height\":1706},{\"@type\":\"BreadcrumbList\",\"@id\":\"https:\/\/dev.sahkoherkat.fi\/?page_id=2029#breadcrumb\",\"itemListElement\":[{\"@type\":\"ListItem\",\"position\":1,\"name\":\"Etusivu\",\"item\":\"https:\/\/dev.sahkoherkat.fi\/\"},{\"@type\":\"ListItem\",\"position\":2,\"name\":\"Tule mukaan\",\"item\":\"https:\/\/dev.sahkoherkat.fi\/?page_id=2017\"},{\"@type\":\"ListItem\",\"position\":3,\"name\":\"Liity j\u00e4seneksi\"}]},{\"@type\":\"WebSite\",\"@id\":\"https:\/\/dev.sahkoherkat.fi\/#website\",\"url\":\"https:\/\/dev.sahkoherkat.fi\/\",\"name\":\"S\u00e4hk\u00f6herk\u00e4t ry\",\"description\":\"S\u00e4hk\u00f6herk\u00e4t ry on suomalainen yhdistys, jonka p\u00e4\u00e4asiallisena teht\u00e4v\u00e4n\u00e4 on toimia s\u00e4hk\u00f6herkkien etuj\u00e4rjest\u00f6n\u00e4.  Yhdistys jakaa tietoa s\u00e4hk\u00f6herkkyyden tunnetuksi tekemisess\u00e4 sek\u00e4 vaikuttaa viranomaisiin ja p\u00e4\u00e4tt\u00e4jiin, jotta s\u00e4hk\u00f6herkkyys hyv\u00e4ksytt\u00e4isiin sairaudeksi ja henkil\u00f6t saisivat virallisen diagnoosin ja korvauksen ty\u00f6kyvyn menett\u00e4misest\u00e4.\",\"potentialAction\":[{\"@type\":\"SearchAction\",\"target\":{\"@type\":\"EntryPoint\",\"urlTemplate\":\"https:\/\/dev.sahkoherkat.fi\/?s={search_term_string}\"},\"query-input\":{\"@type\":\"PropertyValueSpecification\",\"valueRequired\":true,\"valueName\":\"search_term_string\"}}],\"inLanguage\":\"fi\"}]}<\/script>\n<!-- \/ Yoast SEO plugin. -->","yoast_head_json":{"title":"Liity j\u00e4seneksi - S\u00e4hk\u00f6herk\u00e4t ry","robots":{"index":"index","follow":"follow","max-snippet":"max-snippet:-1","max-image-preview":"max-image-preview:large","max-video-preview":"max-video-preview:-1"},"canonical":"https:\/\/dev.sahkoherkat.fi\/?page_id=2029","og_locale":"fi_FI","og_type":"article","og_title":"Liity j\u00e4seneksi - S\u00e4hk\u00f6herk\u00e4t ry","og_description":"Liity j\u00e4seneksi J\u00e4senen\u00e4 saat yhdistyksen lehden (t\u00e4ll\u00e4 hetkell\u00e4 kaksi numeroa vuodessa) listan muiden j\u00e4senten yhteystiedoista teknist\u00e4 tukea k\u00e4yt\u00e4nn\u00f6n ongelmissa tietoa tuki- ja keskusteluryhmist\u00e4 alueilla ja internetiss\u00e4 mahdollisuuden vaikuttaa \u00a0 Voit liitty\u00e4 j\u00e4seneksi t\u00e4ytt\u00e4m\u00e4ll\u00e4 alla olevan lomakkeen ja maksamalla j\u00e4senmaksun pankkisiirtona. Saat ohjeet s\u00e4hk\u00f6postitse. J\u00e4senyyteen tarvitaan my\u00f6s yhdistyksen hallituksen muodollinen hyv\u00e4ksynt\u00e4. J\u00e4senmaksun suuruus on\u00a029\u2013100 \u20ac\u00a0\u2013 saat [&hellip;]","og_url":"https:\/\/dev.sahkoherkat.fi\/?page_id=2029","og_site_name":"S\u00e4hk\u00f6herk\u00e4t ry","article_modified_time":"2026-04-13T09:45:58+00:00","og_image":[{"width":2560,"height":1706,"url":"https:\/\/dev.sahkoherkat.fi\/wp-content\/uploads\/2026\/03\/natalie-pedigo-wJK9eTiEZHY-unsplash-scaled.jpg","type":"image\/jpeg"}],"twitter_card":"summary_large_image","twitter_misc":{"Arvioitu lukuaika":"1 minuutti"},"schema":{"@context":"https:\/\/schema.org","@graph":[{"@type":"WebPage","@id":"https:\/\/dev.sahkoherkat.fi\/?page_id=2029","url":"https:\/\/dev.sahkoherkat.fi\/?page_id=2029","name":"Liity j\u00e4seneksi - S\u00e4hk\u00f6herk\u00e4t ry","isPartOf":{"@id":"https:\/\/dev.sahkoherkat.fi\/#website"},"primaryImageOfPage":{"@id":"https:\/\/dev.sahkoherkat.fi\/?page_id=2029#primaryimage"},"image":{"@id":"https:\/\/dev.sahkoherkat.fi\/?page_id=2029#primaryimage"},"thumbnailUrl":"https:\/\/dev.sahkoherkat.fi\/wp-content\/uploads\/2026\/03\/natalie-pedigo-wJK9eTiEZHY-unsplash-scaled.jpg","datePublished":"2026-03-31T14:54:44+00:00","dateModified":"2026-04-13T09:45:58+00:00","breadcrumb":{"@id":"https:\/\/dev.sahkoherkat.fi\/?page_id=2029#breadcrumb"},"inLanguage":"fi","potentialAction":[{"@type":"ReadAction","target":["https:\/\/dev.sahkoherkat.fi\/?page_id=2029"]}]},{"@type":"ImageObject","inLanguage":"fi","@id":"https:\/\/dev.sahkoherkat.fi\/?page_id=2029#primaryimage","url":"https:\/\/dev.sahkoherkat.fi\/wp-content\/uploads\/2026\/03\/natalie-pedigo-wJK9eTiEZHY-unsplash-scaled.jpg","contentUrl":"https:\/\/dev.sahkoherkat.fi\/wp-content\/uploads\/2026\/03\/natalie-pedigo-wJK9eTiEZHY-unsplash-scaled.jpg","width":2560,"height":1706},{"@type":"BreadcrumbList","@id":"https:\/\/dev.sahkoherkat.fi\/?page_id=2029#breadcrumb","itemListElement":[{"@type":"ListItem","position":1,"name":"Etusivu","item":"https:\/\/dev.sahkoherkat.fi\/"},{"@type":"ListItem","position":2,"name":"Tule mukaan","item":"https:\/\/dev.sahkoherkat.fi\/?page_id=2017"},{"@type":"ListItem","position":3,"name":"Liity j\u00e4seneksi"}]},{"@type":"WebSite","@id":"https:\/\/dev.sahkoherkat.fi\/#website","url":"https:\/\/dev.sahkoherkat.fi\/","name":"S\u00e4hk\u00f6herk\u00e4t ry","description":"S\u00e4hk\u00f6herk\u00e4t ry on suomalainen yhdistys, jonka p\u00e4\u00e4asiallisena teht\u00e4v\u00e4n\u00e4 on toimia s\u00e4hk\u00f6herkkien etuj\u00e4rjest\u00f6n\u00e4.  Yhdistys jakaa tietoa s\u00e4hk\u00f6herkkyyden tunnetuksi tekemisess\u00e4 sek\u00e4 vaikuttaa viranomaisiin ja p\u00e4\u00e4tt\u00e4jiin, jotta s\u00e4hk\u00f6herkkyys hyv\u00e4ksytt\u00e4isiin sairaudeksi ja henkil\u00f6t saisivat virallisen diagnoosin ja korvauksen ty\u00f6kyvyn menett\u00e4misest\u00e4.","potentialAction":[{"@type":"SearchAction","target":{"@type":"EntryPoint","urlTemplate":"https:\/\/dev.sahkoherkat.fi\/?s={search_term_string}"},"query-input":{"@type":"PropertyValueSpecification","valueRequired":true,"valueName":"search_term_string"}}],"inLanguage":"fi"}]}},"_links":{"self":[{"href":"https:\/\/dev.sahkoherkat.fi\/index.php?rest_route=\/wp\/v2\/pages\/2029","targetHints":{"allow":["GET"]}}],"collection":[{"href":"https:\/\/dev.sahkoherkat.fi\/index.php?rest_route=\/wp\/v2\/pages"}],"about":[{"href":"https:\/\/dev.sahkoherkat.fi\/index.php?rest_route=\/wp\/v2\/types\/page"}],"author":[{"embeddable":true,"href":"https:\/\/dev.sahkoherkat.fi\/index.php?rest_route=\/wp\/v2\/users\/1"}],"replies":[{"embeddable":true,"href":"https:\/\/dev.sahkoherkat.fi\/index.php?rest_route=%2Fwp%2Fv2%2Fcomments&post=2029"}],"version-history":[{"count":7,"href":"https:\/\/dev.sahkoherkat.fi\/index.php?rest_route=\/wp\/v2\/pages\/2029\/revisions"}],"predecessor-version":[{"id":2161,"href":"https:\/\/dev.sahkoherkat.fi\/index.php?rest_route=\/wp\/v2\/pages\/2029\/revisions\/2161"}],"up":[{"embeddable":true,"href":"https:\/\/dev.sahkoherkat.fi\/index.php?rest_route=\/wp\/v2\/pages\/2017"}],"wp:featuredmedia":[{"embeddable":true,"href":"https:\/\/dev.sahkoherkat.fi\/index.php?rest_route=\/wp\/v2\/media\/2034"}],"wp:attachment":[{"href":"https:\/\/dev.sahkoherkat.fi\/index.php?rest_route=%2Fwp%2Fv2%2Fmedia&parent=2029"}],"curies":[{"name":"wp","href":"https:\/\/api.w.org\/{rel}","templated":true}]}}